ded by 1?
0
Let m be (1 - -4)*64/(-80). Let j be 9/(-36) - 49/m. Let d(r) = 6*r - 21. What is the remainder when d(j) is divided by 9?
6
Suppose 5*w - 15 = -0*w. Suppose 3*h - 209 = -4*t - 151, 5*t + 4*h = 73. What is the remainder when (-46)/w*15/(-10) is divided by t?
10
Let m(u) = 11*u**2 + 58*u - 256. Calculate the remainder when m(4) is divided by 40.
32
Let l = -643 + 680. Calculate the remainder when 194 is divided by l.
9
Let j(u) = -297*u + 15. Calculate the remainder when j(-1) is divided by 45.
42
Let j(c) = 63*c**2 + 0*c + 2*c + 2 + c**3 - 27*c**2 - 31*c**2. What is the remainder when 31 is divided by j(-4)?
1
Let t(d) = -25*d**3 + 6*d**2 + 33*d + 28. Suppose s + 0*s = l - 128, l = 5*s + 124. What is the remainder when l is divided by t(-1)?
25
Let p = 45 - 41. Suppose p*z - 54 = 2*z. What is the remainder when z is divided by (-2)/(-3) + (-56)/(-6)?
7
Suppose -134 = 21*f - 344. What is the remainder when 59 is divided by f?
9
What is the remainder when 744 is divided by 7/(-63) + (-161)/126*-22?
16
Suppose -1665 = -5*w - 5*c, 0 = -2*c + 4*c - 6. What is the remainder when w is divided by 83?
81
Let y = -17 - -20. Suppose -i + y = -0*i. Suppose -3*l = w + i*w - 81, -3*w + 2*l + 48 = 0. Calculate the remainder when 35 is divided by w.
17
Let b = -286 + 344. Calculate the remainder when b is divided by 17.
7
What is the remainder when (-2)/12 - (5027/(-6))/11 is divided by 46?
30
Suppose -c - 1 = -7. Suppose -4*y + 2*l = -c*y + 90, 3*l + 37 = y. Calculate the remainder when 171 is divided by y.
42
Suppose 2*n = -0*n - t + 13, -22 = -5*n + t. Suppose -5*y - 82 = -5*q + 53, 3*q - 49 = -5*y. Calculate the remainder when q is divided by n.
3
Suppose -j = 2*n - 1, -5*n = 2*j - j - 7. Suppose 2*b + 2 = 4*i - n, 0 = b - 3*i + 2. What is the remainder when 172/3 - b/3 is divided by 20?
18
Suppose -42 = 6*a - 90. What is the remainder when 39 is divided by a?
7
Suppose 0*i - 108 = -4*i. Calculate the remainder when (i + 0)*(-5 + 6) is divided by 7.
6
Let w(x) = x**3 - x**2 + 7*x - 13. What is the remainder when 503 is divided by w(4)?
62
Suppose -2*p + 134 = 3*d, -29 = -d + 3*p + 12. Calculate the remainder when d is divided by 32.
12
Suppose -2296 = -25*i - 721. Suppose p - 25 - 8 = l, -5*p = 5*l - 155. What is the remainder when i is divided by p?
31
Let c = 332 - 659. Calculate the remainder when c/(-18) + 1/(-6) is divided by 5.
3
Suppose 3*p + 3*y - 21 = 0, p + 2*y = 3 + 1. Suppose -r = 3*s - 53, 4*r + r + 5 = 0. Calculate the remainder when s is divided by p.
8
Suppose 0 = -197*f + 199*f - 76. What is the remainder when 73 is divided by f?
35
Suppose -3*q - 99 = -279. Let c = 212 - 216. Calculate the remainder when q is divided by (84/(-4))/(1 + c + 2).
18
Let r = -24 - -28. Suppose 183 - 43 = r*j. Calculate the remainder when 69 is divided by j.
34
Let t(w) = w**2 + 3*w - 2. Let h be t(-2). What is the remainder when 3/(3/h)*25/(-10) is divided by 4?
2
Let z = -200 + 238. What is the remainder when 119 is divided by z?
5
Let f(i) = -30*i + 9. Calculate the remainder when f(-10) is divided by 24.
21
Let b(s) = -10*s + 253. Calculate the remainder when b(13) is divided by 16.
11
Let h(a) = 2*a**2 + 10*a - 9. Suppose -2*n = n - 5*r + 115, -5*n = -3*r + 165. Let c = 44 + n. What is the remainder when h(-8) is divided by c?
11
Suppose 2*h + 10 = 3*h. Suppose h*r = 8*r + 18. Calculate the remainder when 35 is divided by r.
8
Suppose 0 = 2*g - 18*g + 112. Calculate the remainder when 20 is divided by g.
6
Let n = 21 + -97. Let y = n - -115. Calculate the remainder when y is divided by 8.
7
Suppose -6*v + 30 = -4*v. What is the remainder when 1/(205/200 - 1) is divided by v?
10
Let x = 39 + -21. Let t = x + -17. Calculate the remainder when 21 is divided by 12 + t + 6/(-3).
10
Suppose -g + 61 = -40*f + 36*f, 115 = 2*g - f. What is the remainder when 394 is divided by g?
52
Let o = -2 + 12. What is the remainder when 153 is divided by (-5)/(o/(-51)) + 5/10?
23
Suppose 4*q = -2*d + 942, 7*d - 1191 = -5*q + 9*d. Calculate the remainder when q is divided by 20.
17
Let l = -181 + 312. Let w = l - 73. What is the remainder when w is divided by 17?
7
Suppose 154 = 6*a + 76. What is the remainder when 61 is divided by a?
9
Let q(p) = -p - 36. Let m be q(0). Let g = m + 51. Calculate the remainder when 25 is divided by g.
10
Suppose -5*x + 83 + 467 = 0. What is the remainder when x is divided by 13?
6
Suppose 5*w = -2*z + 393, 4*z - 756 = 7*w - 11*w. What is the remainder when z is divided by 27?
22
Let d = 54 - 19. Suppose 0 = -2*z - s - 3*s + 16, -s = -3*z + 31. Suppose z*j - 108 = 4*j. What is the remainder when d is divided by j?
17
Let j(x) = -7*x**2 + 53*x - 12. Calculate the remainder when 207 is divided by j(6).
45
Suppose 4*z + 37 = 9. Let x = 10 + z. Suppose -4*f + x*l + 64 = -0*f, 4*l = f - 16. What is the remainder when 28 is divided by f?
12
Suppose -w - 9*w + 60 = 0. Calculate the remainder when 44 is divided by 95/w - (-3)/18.
12
Suppose -3*c - 248 = 5*c. Let x = c + 34. Calculate the remainder when 4 is divided by x.
1
Let z(t) = 0*t + 4*t + 5 - 4 - 3*t. Calculate the remainder when z(6) is divided by 3.
1
Suppose -2*i + 60 = i. Calculate the remainder when ((-2)/(-15) - (-39)/45)*42 is divided by ((-16)/i)/((-2)/55).
20
Suppose -4*u + 31 = 3*l, 0 = -5*l + 5*u - 13 + 123. What is the remainder when l is divided by 11?
6
Suppose -4*l - 2*r + 2 = -r, 0 = -2*l - 2*r + 4. Let q(x) = x**2 + 11. What is the remainder when 52 is divided by q(l)?
8
Let x be (-1)/(-3) + 512/48. Calculate the remainder when 179 is divided by 1*11 - (x - 10).
9
Let s(g) = -6*g - 19. Let o be s(16). Calculate the remainder when o/(-10)*(1 - -1) is divided by (-51)/(-4) + (-9)/(-36).
10
Suppose -392 = -3*k - 158. Let a = -62 + k. What is the remainder when 78 is divided by a?
14
Let z = -241 - -498. What is the remainder when z is divided by 43?
42
Let i(m) be the second derivative of 19*m**5/20 + m**4/12 - m**3/3 + m**2/2 - 17*m. Let d = 30 - 18. What is the remainder when i(1) is divided by d?
7
Suppose 8*q = 2*h + 4*q - 22, 64 = 4*h - 4*q. What is the remainder when 55 is divided by h?
13
Let h = -15 + 21. Suppose 0 = 7*t - h*t - 22. Calculate the remainder when t is divided by 8.
6
Let c(s) be the third derivative of s**5/15 + s**4/4 + 2*s**3/3 + 26*s**2. Calculate the remainder when 31 is divided by c(-3).
9
Let m = -16 - -20. Let v = 22 + -14. Suppose -4*p = s + v, -3*s - 3*p = -0*s - 21. Calculate the remainder when s is divided by m.
0
Let y(p) = p**2 + 15*p + 18. Let l be (-146)/10 - 6/15. What is the remainder when 27 is divided by y(l)?
9
Suppose 7*m + 780 = -6*m. What is the remainder when -105*(-96)/m*1/(-4) is divided by 17?
8
Let u(x) = -x - 4. Let q be u(6). Let c = q - -57. Calculate the remainder when c is divided by 16.
15
Let x be 5 - (-185)/(0 - -5). Suppose 0*t - t + x = 0. What is the remainder when t is divided by 9?
6
Suppose 0 = -2*n - 4, 9*n = 4*o + 11*n - 80. Let i(m) = -9*m + 5. What is the remainder when i(-4) is divided by o?
20
Suppose -5*f + h = -2285, 0 = f - 4*h + 53 - 491. Calculate the remainder when f is divided by 77.
73
Let w be -40*4/6*-9. Suppose -4*m - w = -5*u, -12 = 4*m + 8. Suppose 5*o - o = u. What is the remainder when o is divided by 3?
2
Let u be 38 - (2 + 1) - -4. Let f = u + -33. Calculate the remainder when 8 is divided by f.
2
Suppose -7*b + 36 = -4*b. Suppose 0 = -5*r + 3*s + 25, 4*s = -3*r + 17 + 27. What is the remainder when -21*-3*-4*(-1)/b is divided by r?
5
Suppose -31*d = -32*d - 56. Let i = -53 - d. Calculate the remainder when 24 is divided by i.
0
Let l(y) = -y**3 + 2*y**2 + 3*y + 5. Let f(i) = -i**3 - 9*i**2 - 3*i + 2. Calculate the remainder when f(-9) is divided by l(-2).
14
Let u(o) = -9*o + 3. Let z be u(1). Let t be (4/(-6))/(z/(-9)). What is the remainder when 3 is divided by -1 - t - -2 - 0?
1
Let o(i) = 2*i**2 - 5*i + 1. Let g(m) = m**2 - 16*m + 32. Let f be g(16). Suppose f*j = 31*j + 101. What is the remainder when j is divided by o(5)?
23
Let d(c) = -4*c + c - c + 1 + 7*c. What is the remainder when 47 is divided by d(5)?
15
Suppose -332 = -5*g + 4*f, -268 = -4*g + 7*f - 3*f. Suppose -u = -2*u + g. What is the remainder when u is divided by 33?
31
Suppose 0*q = 3*w - q - 15, -10 = -2*w